late the highest common divisor of q and 1183.
91
Let j(m) be the first derivative of 5*m**2/2 - 22*m - 24. Let n be j(11). Calculate the greatest common divisor of n and 22.
11
Let z(q) = -q**3 + 7*q**2. Let t be z(7). Let d = -199 + 203. Suppose -d*r + 92 = -t*r. Calculate the greatest common divisor of 69 and r.
23
Let c = 32 - 24. Suppose -5*m + 49 = 9. Suppose o = 4*y - 8, -2*o - 5*y + m = -28. Calculate the highest common factor of o and c.
8
Let y(z) = 15*z**2 + 1. Let o be y(-1). Let p be 1/2 + (-56)/o. Let d = p + 9. Calculate the greatest common factor of d and 18.
6
Let h be 148/3 - 12/9. Suppose 6*r - h = -0*r. Suppose r*v = 5*v + 24. What is the highest common factor of v and 4?
4
Let z be (-1566)/(-22) + 1 + 152/(-836). What is the greatest common divisor of z and 1368?
72
Let i be (-3)/2 + (-5460)/(-56). Calculate the highest common divisor of i and 120.
24
Let y(q) = 7*q - q**3 - 43*q**2 + 0*q**3 - 8 + 39*q**2 - 9. Let t be y(-7). Calculate the greatest common factor of t and 27.
27
Suppose -820 + 205 = 5*x. Let p be 1028/(-20) - 4/(-10). Let y = p - x. Calculate the highest common divisor of y and 18.
18
Let k(f) = 17*f + 350. Let j be k(-20). Calculate the greatest common divisor of j and 4670.
10
Let i be (8/10)/((-7)/(-420)). Suppose 3*z + 6 = 2*t, t - 2*z - z = -3. Suppose t = 2*k - 15. Calculate the greatest common factor of i and k.
12
Let i = 2 - -10. Suppose -302 = 3*m - w + 3*w, 0 = -2*m - 3*w - 203. Let v be -6*(m/(-15))/(-5). Calculate the highest common factor of v and i.
4
Let j = 1499 + -1433. Calculate the highest common factor of j and 1254.
66
Let n = 39 - -3. Let u(v) = -v**3 + 3*v**2 - v + 5. Let k be u(4). Let i = k + 21. What is the greatest common factor of i and n?
6
Let x be (1 + -1)/((-3 - -2)*1). Suppose x = -11*g - 322 + 938. What is the greatest common divisor of 8 and g?
8
Suppose -5*p - 5*w = -595, 3*w - 9 = -0*w. Let k = p + -103. Let o be (16/(-3))/((-6)/117). Calculate the greatest common factor of o and k.
13
Let z(p) be the first derivative of -47*p**3/3 + p + 2. Let c be z(2). Let u = -97 - c. What is the greatest common factor of 18 and u?
18
Let y(m) = m**3 + 7*m**2 + 5*m + 2. Suppose -8 = 2*p + 4. Let l be y(p). Let q be (-7)/((-2)/(-16)*-1). What is the greatest common factor of l and q?
8
Let j = -328 - -433. What is the highest common divisor of 140 and j?
35
Let g be (7 - 5) + 8/4. Let x(p) = 4*p. Let a(b) = -4*b + 1. Let m(z) = -4*a(z) - 3*x(z). Let k be m(3). Calculate the highest common factor of g and k.
4
Let x be 1*-15*(-4 - 7). What is the highest common factor of 33 and x?
33
Suppose 0 = f - 5*f + 72. Let d = 52 + -56. Let o be 3 - 9/(d - -1). What is the highest common factor of f and o?
6
Let b = 667 + -604. Calculate the highest common divisor of 28 and b.
7
Let i(l) be the second derivative of -l**3/6 - 66*l**2 + 9*l. Let c be i(0). Let b = c + 265. Calculate the highest common divisor of b and 19.
19
Let x = 2 + 1. Let s be 1/(-1 - x/(-2)). Suppose 2*a - s*n = 3*a - 17, a = -3*n + 12. Calculate the greatest common factor of a and 3.
3
Suppose -215 = -t - 61. Calculate the greatest common divisor of t and 126.
14
Suppose 22*l - 23*l - 14 = 0. Let f be (-932)/(-6) - l/21. Calculate the highest common divisor of 12 and f.
12
Let h(u) = 4*u**2 + 146*u - 94. Let k be h(-38). Calculate the greatest common factor of 2 and k.
2
Suppose 5*r + 5 = 5*z, 3*z - 1 - 4 = r. Let s be 4/(-22) + (-14)/(-77). Let k be (3 + 0)/(s - -3). What is the greatest common divisor of r and k?
1
Let j(d) = 2*d**2 + 12*d - 152. Let g be j(-15). Calculate the greatest common factor of 2 and g.
2
Suppose 0 = 2*j + 15 - 21. Suppose 10 - 1 = j*s. Calculate the highest common factor of s and 39.
3
Let h be (-66)/(-4 + (-260)/(-64)). Let u be h/112 + 3/7. Let z be 7/((-7)/u) - 0. What is the highest common factor of z and 63?
9
Let t = 2720 - 2694. Calculate the highest common factor of 637 and t.
13
Suppose 4*h = y - 27, -5*y - 1 = -h - 79. Calculate the highest common divisor of 345 and y.
15
Suppose 20 - 60 = 2*d. Let v be (5/(-4))/(5/d). Suppose j - 30 = -j. What is the highest common factor of j and v?
5
Let x be (-166)/(-2) + (7 - (-3 - -13)). Calculate the highest common factor of 50 and x.
10
Let v be -1 - -246 - (-2 + 2). Let j = -41 - -41. Suppose j = -3*f - f - n + v, -5*n - 35 = -f. What is the greatest common divisor of 20 and f?
20
Let q = -225 - -422. Suppose 2*u = -2*u - 2*o + 286, 3*u = 2*o + q. What is the greatest common divisor of 23 and u?
23
Let x = -48 + 153. Calculate the highest common factor of x and 45.
15
Let i = -470 + 846. What is the greatest common divisor of i and 94?
94
Let k be (9/4)/((-3)/(-24)). Suppose -19*r + 21*r + 5*v - 28 = 0, -4*r + 3*v + 30 = 0. Calculate the highest common factor of k and r.
9
Let h(z) = -z**2 + 1 - 7 + 8 + 2*z - 6*z**3. Let c be h(-2). Calculate the highest common factor of c and 84.
42
Let c(n) = 5*n**2 + 5*n + 59. Let z be c(-6). Suppose 14 = 2*o - 8. Calculate the greatest common divisor of o and z.
11
Let c(a) = 3*a**2 - 16*a - 16. Let j be c(8). Suppose 24 = 4*v - 3*x, 2*v - 2*x = -x + 12. What is the greatest common divisor of j and v?
6
Suppose -5 + 21 = 4*x. Suppose 2*o + 5*b + 23 = -76, -207 = x*o + b. Let g be 1/4 - 1443/o. What is the greatest common divisor of g and 14?
14
Let z(v) = -11*v - 2. Let p be z(-10). Let o be 4 - p - (4 + 0). Let x be (-624)/o - 2/(-9). Calculate the highest common factor of 12 and x.
6
Let y = 109 + -64. Let k = y - 33. Let z(g) = g**3 + 6*g**2 + 3*g - 4. Let n be z(-5). What is the highest common divisor of k and n?
6
Suppose -42*z + 47*z = 120. Suppose 63 - z = 3*n. Let o(t) = t**3 - t**2 + 117. Let w be o(0). What is the highest common factor of n and w?
13
Suppose -4*k + 211 = 5*d, k - 4 = 4*d + 54. Suppose 160 = 12*x + 52. What is the highest common factor of k and x?
9
Suppose n - 9 = -2*q - 2*n, 0 = 2*q - 3*n - 15. Let a = 56 - 58. Let i be ((-9)/q - -1)*a. Calculate the greatest common factor of i and 3.
1
Suppose 10*l = -6*l + 768. Calculate the greatest common divisor of 176 and l.
16
Suppose 0 = -4*u + z + 6391, -4*u - 166 + 6562 = 4*z. What is the highest common factor of u and 94?
94
Suppose 3*l - 351*i = -353*i + 48, -56 = -4*l - 4*i. Let t(w) = -w. Let g be t(-4). What is the highest common factor of l and g?
4
Suppose -21 = -4*w - u, -2*u = -4*w + u + 1. Suppose j - 2*k = -w*j + 129, -4*k = 5*j - 117. What is the greatest common factor of j and 175?
25
Suppose v = -24*b + 23*b + 17, 2*v - 33 = -3*b. Calculate the highest common factor of v and 45.
9
Let u = -180 - -190. What is the greatest common divisor of u and 16?
2
Let d = 9 + -13. Let w = 355 - 333. Let k = w + d. Calculate the highest common divisor of 2 and k.
2
Let q be ((-1)/(3/(-51)))/1. Let o(g) = 20*g + 2. Let d be o(7). Suppose 0 = 2*i - d - 130. Calculate the highest common divisor of q and i.
17
Let b = -203 - -1157. Calculate the greatest common divisor of 18 and b.
18
Suppose n + n - 100 = 0. Calculate the greatest common divisor of 40 and n.
10
Let w be (-15)/10*(-12)/(-9) + 28. Suppose 34 = 4*j - 18. What is the highest common factor of w and j?
13
Suppose -2*h - 18 = -3*v, -h = 5*v - 6 - 11. Suppose f = 5*t + 10, 0*f - v*t + 11 = 3*f. Let p be (f/4)/(4/16). What is the highest common divisor of p and 35?
5
Let u be (2 - 0 - 1)*31. Suppose -385*h = -306*h - 26939. Calculate the highest common factor of h and u.
31
Let h be (-61004)/(-44) + 36/66. Calculate the greatest common factor of 219 and h.
73
Let v(g) = g**3 + 4*g**2 - 5*g - 9. Let r(b) = -9*b - 2. Let h be r(-1). Let c = h - 11. Let i be v(c). What is the greatest common factor of i and 22?
11
Suppose -2*d + 0*d + 2*c + 12 = 0, 4*d - 6 = -5*c. Let y be 18/(-3) - (-2 - 0). Let v be 4*y/3*-3. What is the greatest common divisor of v and d?
4
Let g be 39 - (-11 - (-6 - -2)). Let f = -161 + 529. Calculate the highest common divisor of f and g.
46
Suppose -9*k + 3068 = 800. Calculate the highest common factor of 36 and k.
36
Suppose -4*b - 8 = 0, -3316 = -3*f - b - 0*b. Calculate the highest common factor of 14 and f.
14
Let a(o) = -2*o**3 - 2*o**2 + 2*o + 3. Let i be 3 - (3 + -4)/(-1). Suppose i = -j - 2. Let y be a(j). Calculate the highest common divisor of 13